).
-1
What is the value of 13 + 0 + -2 + -9?
2
Evaluate 17 - (-18 - (-52 + 9)).
-8
What is (-2 - -1) + -69 + 63 - 11?
-18
What is the value of -9 + (2 - 0) + 2 - 4?
-9
What is 3 + -26 + 10 + 4?
-9
Evaluate -11 - (4 + -5) - 0.
-10
(-1 - -4) + (-29 - -24) + -4
-6
Calculate -129 + 111 - (-2 + 3 + -8).
-11
-17 - (5 - (-9 - (-32 - (-21 + 11))))
-9
-8 + 48 + (-60 - -35)
15
Evaluate 13 - (31 - (-14 + 27)).
-5
What is the value of -4 + 10 + (-8 - (-3 - (-8 + 4)))?
-3
(0 + -2 - -20) + (-92 - -80) + 4
10
Calculate (-7 - (-6 + (7 - 14))) + -12.
-6
What is -15 + (-2 - -13 - 4)?
-8
Calculate 5 - (4 + (6 - 5)).
0
What is 2 + (-15 - (-1 + -1)) + -11 + 17?
-5
-6 - -6 - (-23 + 6 + 7)
10
Calculate 5 + -19 - (0 + -42) - (-4 - -2).
30
Evaluate 29 + (-4 - 22) + (11 - 1).
13
Calculate 8 - (18 + -7 - 8) - 11.
-6
-26 + 34 - (1 - 2)
9
Evaluate (4 + 6 - 22 - -5) + 35.
28
39 + -63 - (-35 - 0)
11
Calculate (-4 - -1) + -2 - (68 + -84 + 24).
-13
What is the value of 1 + -3 + 4 - 11 - -11?
2
2 - (13 - 4) - (1 - 13)
5
Calculate -4 - (-5 + -1 + 31 + -27).
-2
What is the value of (-3 - (-12 + 13 - 13)) + (7 - -1)?
17
What is the value of -1 + (0 + 1 - 3) - 5?
-8
Evaluate -14 - (-27 + 28 + -8).
-7
Evaluate -1 - (1 - 5) - (-17 + -24 + 44).
0
Calculate -34 + -2 + 3 + 2 + 7.
-24
Calculate (-6 - 0) + 35 - (-40 + 57).
12
Evaluate -10 - (-5 + -2 + 15 + -4).
-14
(-4 - 12) + -153 + 201
32
What is -3 + (-4 - (13 - (10 + -11)))?
-21
What is the value of (6 - -6 - 32) + 13?
-7
What is the value of -7 - -14 - 16 - (-8 + -4)?
3
Calculate (-4 - 13) + -54 + 73.
2
What is the value of 4 + (7 - (5 - 2)) + 3 + -2?
9
Evaluate -87 - -96 - ((1 - (2 - 0)) + -17).
27
Evaluate -24 - (-13 + (-26 - -21)).
-6
What is the value of 0 + 21 + (-36 - (23 - 54))?
16
Calculate -2 + -6 + 12 - 8 - (25 + -27).
-2
Evaluate -45 + -1 - (-49 - -23).
-20
Calculate -48 - -51 - (-2 + (-6 - -4)).
7
What is -372 - -378 - (31 + -1 + 0)?
-24
7 + (-6 - 7) - (-7 + 3 + 4)
-6
What is the value of -4 + (-18 + 15 - 10)?
-17
Calculate (-2 - 14) + 14 + -12.
-14
What is the value of -4 + -259 + 244 + (1 - 1)?
-19
What is 10 + (-9 - -2) - -6?
9
42 + -45 - (-1 - -12) - (2 + -3)
-13
Evaluate 8 - 1 - (-54 + 57).
4
What is -194 + 181 + -5 + 3 + 0?
-15
Calculate -36 + (-2 + 1 - -11) + (80 - 83).
-29
What is (-35 - (-39 + -9)) + -19 + 2?
-4
What is -11 - -4 - (-4 + (7 - -7))?
-17
Calculate 40 + -3 + 3 - (-21 + -38 + 67).
32
Calculate 0 + (11 - (19 - -2)).
-10
(0 - 18) + 520 + -512
-10
What is the value of (3 - (8 + -7)) + -5 + 7?
4
Evaluate 30 + -33 + -42 + 24.
-21
What is the value of -540 - -537 - (-17 - (-4 + 2))?
12
1 + 1 - (103 + -45 + -18)
-38
What is -28 + 35 + (6 - (-1 + 2)) + -12?
0
What is the value of 1 + (-5 - -10) + 0 - (5 + 1)?
0
Calculate -3 + 3 + -10 - 2 - -22.
10
What is the value of 3 + (-5 - 13) - -13 - -10?
8
What is 122 - 112 - (9 + -29)?
30
What is -7 - (11 - (41 - -16) - -11)?
28
What is the value of -6 + 16 + -4 + -2?
4
Evaluate -2 + -16 + -5 + (8 - -7).
-8
Calculate -7 - (-12 + -1 + 13) - -30.
23
Calculate (-1 - 5) + (3 + -19 - (-235 + 215)).
-2
What is 1 - 1 - (-109 + 93)?
16
What is 1 - ((0 - 2) + (-4 - -3) + 12)?
-8
7 + 6 + -34 + 3 + (-8 - -7)
-19
What is the value of -1 + 1 + -2 + (5 - (1 + 1))?
1
Calculate 2 + -32 - (17 + -36).
-11
Evaluate 12 + (20 - 15 - (-4 - -6)).
15
What is 1 + -1 + 14 + -11 - (4 - 1)?
0
Calculate (15 - 19) + (16 - (-12 - -7)).
17
What is the value of -13 - (-24 - -13) - (-1 - 0)?
-1
11 + (-9 + 5 - -1) + 7
15
What is the value of (5 - 1) + -100 + 102?
6
What is (-181 - -204) + (0 - 19)?
4
What is 3 + 1 - (-1 + -8 - (3 - 10))?
6
What is the value of (-6 - 5 - -19) + -20 - 6?
-18
Calculate -4 - (-1 - (28 + -36 + (2 - 0))).
-9
-4 + 0 + 16 + (-1 - 2 - -3)
12
Calculate 4 + -4 + 7 + 46 + -38.
15
Evaluate 23 + -27 + 14 + -3 + (0 - 3).
4
Calculate (21 - -14) + -20 + -4.
11
What is the value of 8 - (39 + -19 - 10)?
-2
Evaluate -2 + ((-5 - -1 - -5) + 5 - -9).
13
Calculate (61 - 70) + (-6 - (3 - (4 + 0))).
-14
Evaluate (-7 - 19) + 14 - -4.
-8
What is the value of 5 - (1 + -11 + 29)?
-14
What is the value of (-6 - 2) + 6 - 8?
-10
Evaluate 3 - -27 - 53 - 8.
-31
Evaluate (-6 - (-1 + 0) - -13) + -14 + 13.
7
What is 1 - -1 - (-7 - (-31 - -4))?
-18
Calculate (-7 - (-1 + (0 - (5 - 8)))) + 10.
1
What is the value of -34 + 58 + 30 - 39?
15
Calculate 0 - (6 + -3 + (-7 - (-1 - 2))).
1
Evaluate -1 + -12 + (109 - 109).
-13
Calculate 25 - (6 + -1) - 17.
3
What is the value of 322 - 315 - (2 + (0 - 12))?
17
(4 + -4 - (-95 - -78)) + -46
-29
What is -17 - (5 + (-3 - 1 - 3) + 1)?
-16
What is the value of 11 - 20 - -2 - -22?
15
(6 - -6 - 5) + -11 + 6
2
What is 0 + 8 - (4 - 10 - -13) - 13?
-12
Evaluate -25 + 59 + -13 + (-1 - 6 - 0).
14
Evaluate (1 + -5 - 0) + -28 + 44.
12
Calculate 59 - (98 + -55) - (10 + 0).
6
Calculate -6 + 3 + 11 + 3.
11
What is ((-4 - -6) + -6 - -8) + -2 + -10?
-8
What is the value of 46 - 0 - (3604 + -3564)?
6
What is 2 + 0 + (-5 - -1)?
-2
Evaluate (3 + 2 - 28) + 15.
-8
What is -13 - (-31 - (7 - -3))?
28
What is the value of 1 + 15 + -22 + 13 + (-1 - 2)?
4
Calculate (-11 - 3) + (-3 + 2 - -8) + 1.
-6
Evaluate (17 - 18) + -13 - (3 - (6 + -5)).
-16
Calculate (13 + -22 - -10) + -14.
-13
Calculate 9 - ((8 - -2) + 4).
-5
Evaluate (9 - 0 - (-112 + 119)) + 6 - 9.
-1
What is -147 + 139 - (-1 + -4)?
-3
(5 - (-7 - -9)) + 4 - 0 - 3
4
What is (-6 + 16 - -4 - 30) + 1?
-15
-9 - ((-10 - -1) + 22 + -9)
-13
What is the value of -28 - (6 + -21) - 0?
-13
Calculate -4 + -1 - (2 - 0 - 24 - -7).
10
Calculate -9 - (-11 + (0 - -3) + 9).
-10
What is the value of -23 - ((2 - (2 + 4 - 4)) + -8)?
-15
What is -5 + 18 + (1 - -1)?
15
Evaluate (19 - 11) + -10 - 0.
-2
Calculate (11 - (-12 - -3 - -9) - -3) + -1.
13
Evaluate 20 + (-159 - -146 - (0 + 1)).
6
Calculate 2 + 1 - (822 + -800).
-19
Calculate -10 - (-2 + -10) - (-16 + 13) - -15.
20
Calculate 16 + -47 - (-23 - -2).
-10
Evaluate 5 + -18 + (-39 - (-1 + -29)).
-22
Evaluate 4 + (22 - 51) + 12.
-13
What is the value of (7 - (1 - -1)) + (-25 - (-38 + 7))?
11
What is the value of 2 - 8 - -7 - (1 + -5 + 0)?
5
What is the value of 3 - (7 + -4 - 1) - (12 - 12)?
1
Calculate (-16 - ((2 - 3) + 6 + -7)) + 4.
-10
Calculate -1 + 4 + (-36 - -88 - (-17 - -33)).
39
Calculate -4 + 8 - (-5 + 0 + 6) - 3.
0
(-4 - 98) + 121 + -1 + 0 + -5
13
What is 2 + (28 - (16 + -7 + 1))?
20
What is the value of 5 + -13 + -4 + 11?
-1
Evaluate 43 - (30 + -7 + -4).
24
Calculate 8 + -23 + 6 + 9.
0
-24 + 8 + -8 - -11
-13
What is -9 + 8 + -5 + (2 - -6)?
2
Calculate -4 + 16 + -4 + 5 + -29.
-16
What is the value of 0 + -2 + (-13 - -17) + -9 + 0?
-7
-14 + (-495 - -497) + (0 - -44)
32
Calculate 0 - (35 + -29 - (4 + 0)) - 10.
-12
Calculate -1579 + 1604 - (10 + 1).
14
Calculate 12 + -1 - ((-108 - -117) + (0 - 14)).
16
0 + (5 - (-7 + 10 + (0 - 7)))
9
Evaluate 122 + -125 + 2 + 0.
-1
What is the value of 3 - (-1 + (-9 - -7) + 0)?
6
What is the value of 8 + 5 + -18 - (8 + 0) - -5?
-8
(-12 - -1) + -38 + 83 + -34
0
-14 + -9 + -1 - -12
-12
What is (5 - -3) + (11 - 16) + 3 - -1?
7
What is the value of -36 - (16 - (-1 + 61))?
8
10 - 7 - ((-7 - -3) + 16)
-9
Calculate 9 - -2 - (11 - 2 - 13).
15
What is the value of (-1 - -23) + (-4 + -5 - (0 + -10))?
23
Evaluate -22 - (-24 + 12 - (-4 + -6)).
-20
What is the value of 12 - (35 - (-12 - -21))?
-14
Calculate 10 - -7 - 17 - 21.
-21
Calculate 16 - (6 - (7 + -6)) - (-5 + -2).
18
Evaluate -7 + -15 + -8 + 28 - -2.
0
Calculate -18 + (0 + -33 - -29).
-22
(-40 - -58) + -29 + -2
-13
What is 15 - 16 - 7 - -17?
9
What is 29 + -53 + 37 + (4 - -6)?
23
What is -90 + 100 + 1 + -7 - -7?
11
What is the value of -8 + -3 - (-27 - -20)?
-4
What is the value of 4 - 13 - (8 + -18)?
1
What is 13 + -9 + 2 + -6?
0
Calculate 5 + (3 + 4 - 27) - -3.
-12
-1 - (-1 - (-1 + -1)) - (157 + -143)
-16
Calculate 12 - (-21 + 14 - -20 - 9).
8
Calculate 2 + (-7 - (0 + -2) - (-39 + 26)).
10
Evaluate (-4 + 1 + -19 + 19 - -7) + 9.
13
Evaluate -2 + -15 - (-15 - 18).
16
What is the value of -43 + 60 + 4 + -24?
-3
What is -5 + -1 + -2 + 2 + 3 + 8?
5
What is (18 - 9) + (4 - (1 - -1))?
11
What is the value of 7 - ((0 - (16 + -2)) + -11)?
32
1 - (-3 + (-6 - (-10 + 5 - 0)))
5
What is 30 + -50 - -13 - -29?
22
Calculate 12 + (10 - 16) - -2.
8
Evaluate 12 + (12 - 29) - (1 + (6 - -6)).
-18
Evaluate (3 - -15) + 10 + (-62 - -17).
-17
What 